{"id":29931,"date":"2026-08-31T08:16:41","date_gmt":"2026-08-31T11:16:41","guid":{"rendered":"https:\/\/agatres.co\/es\/producto\/mise-en-scene-perfect-serum-styling-conditioner-680ml\/"},"modified":"2026-08-31T10:46:16","modified_gmt":"2026-08-31T13:46:16","slug":"mise-en-scene-perfect-serum-styling-conditioner-680ml","status":"publish","type":"product","link":"https:\/\/agatres.co\/pt\/producto\/mise-en-scene-perfect-serum-styling-conditioner-680ml\/","title":{"rendered":"Condicionador Mise en Sc\u00e8ne Perfect Serum Styling Conditioner de 680mL"},"content":{"rendered":"<p>O Mise en Sc\u00e8ne Perfect Serum Styling Conditioner \u00e9 um condicionador coreano desenvolvido para hidratar e cuidar dos cabelos danificados antes da etapa de finaliza\u00e7\u00e3o. Sua f\u00f3rmula ajuda a deixar os fios mais macios, desembara\u00e7ados e com brilho saud\u00e1vel.<\/p>\n<p>Com uma combina\u00e7\u00e3o de 7 \u00f3leos nutritivos, incluindo argan, coco, cam\u00e9lia, jojoba e oliva, ajuda a nutrir e suavizar \u00e1reas ressecadas e danificadas. A f\u00f3rmula proporciona hidrata\u00e7\u00e3o e prepara os fios para uma finaliza\u00e7\u00e3o mais f\u00e1cil e definida.<\/p>\n<p>Sua textura cremosa envolve os cabelos e proporciona maciez sem deixar sensa\u00e7\u00e3o excessivamente pesada. O Mise en Sc\u00e8ne Perfect Serum Styling Conditioner possui ainda uma fragr\u00e2ncia floral e atalcada que permanece delicadamente nos fios.<\/p>","protected":false},"excerpt":{"rendered":"<p>O condicionador Mise en Sc\u00e8ne Perfect Serum Styling hidrata, suaviza e prepara os fios para a finaliza\u00e7\u00e3o, deixando o cabelo mais macio, brilhante e disciplinado.<\/p>","protected":false},"featured_media":29949,"template":"","meta":{"_acf_changed":false},"product_brand":[454],"product_cat":[361],"product_tag":[420,455],"woo-feed-brand":[],"class_list":{"0":"post-29931","1":"product","2":"type-product","3":"status-publish","4":"has-post-thumbnail","6":"product_brand-mise-en-scene","7":"product_cat-cuidado-capilar","8":"product_tag-cuidado-capilar","9":"product_tag-mise-en-scene","11":"first","12":"instock","13":"purchasable","14":"product-type-simple"},"acf":[],"_links":{"self":[{"href":"https:\/\/agatres.co\/pt\/wp-json\/wp\/v2\/product\/29931","targetHints":{"allow":["GET"]}}],"collection":[{"href":"https:\/\/agatres.co\/pt\/wp-json\/wp\/v2\/product"}],"about":[{"href":"https:\/\/agatres.co\/pt\/wp-json\/wp\/v2\/types\/product"}],"version-history":[{"count":0,"href":"https:\/\/agatres.co\/pt\/wp-json\/wp\/v2\/product\/29931\/revisions"}],"wp:featuredmedia":[{"embeddable":true,"href":"https:\/\/agatres.co\/pt\/wp-json\/wp\/v2\/media\/29949"}],"wp:attachment":[{"href":"https:\/\/agatres.co\/pt\/wp-json\/wp\/v2\/media?parent=29931"}],"wp:term":[{"taxonomy":"product_brand","embeddable":true,"href":"https:\/\/agatres.co\/pt\/wp-json\/wp\/v2\/product_brand?post=29931"},{"taxonomy":"product_cat","embeddable":true,"href":"https:\/\/agatres.co\/pt\/wp-json\/wp\/v2\/product_cat?post=29931"},{"taxonomy":"product_tag","embeddable":true,"href":"https:\/\/agatres.co\/pt\/wp-json\/wp\/v2\/product_tag?post=29931"},{"taxonomy":"woo-feed-brand","embeddable":true,"href":"https:\/\/agatres.co\/pt\/wp-json\/wp\/v2\/woo-feed-brand?post=29931"}],"curies":[{"name":"wp","href":"https:\/\/api.w.org\/{rel}","templated":true}]}}

Condicionador Mise en Scène Perfect Serum Styling Conditioner de 680mL

<p>O Mise en Scène Perfect Serum Styling Conditioner é um condicionador coreano desenvolvido para hidratar e cuidar dos cabelos danificados antes da etapa de finalização. Sua fórmula ajuda a deixar os fios mais macios, desembaraçados e com brilho saudável.</p>
<p>Com uma combinação de 7 óleos nutritivos, incluindo argan, coco, camélia, jojoba e oliva, ajuda a nutrir e suavizar áreas ressecadas e danificadas. A fórmula proporciona hidratação e prepara os fios para uma finalização mais fácil e definida.</p>
<p>Sua textura cremosa envolve os cabelos e proporciona maciez sem deixar sensação excessivamente pesada. O Mise en Scène Perfect Serum Styling Conditioner possui ainda uma fragrância floral e atalcada que permanece delicadamente nos fios.</p>

<p>O condicionador Mise en Scène Perfect Serum Styling hidrata, suaviza e prepara os fios para a finalização, deixando o cabelo mais macio, brilhante e disciplinado.</p>
