{"id":8889,"date":"2026-02-09T15:32:06","date_gmt":"2026-02-09T18:32:06","guid":{"rendered":"https:\/\/agatres.co\/product\/armaf-club-de-nuit-the-lions-feroce-100m\/"},"modified":"2026-04-24T09:00:25","modified_gmt":"2026-04-24T13:00:25","slug":"armaf-club-de-nuit-the-lions-feroce-100m","status":"publish","type":"product","link":"https:\/\/agatres.co\/pt\/producto\/armaf-club-de-nuit-the-lions-feroce-100m\/","title":{"rendered":"Perfume Armaf Club de Nuit The Lions Feroce &#8211; Masculino EDP 100mL"},"content":{"rendered":"<p data-start=\"341\" data-end=\"668\">El Perfume Armaf Club de Nuit The Lions Feroce destaca por su combinaci\u00f3n de notas amaderadas, especiadas y arom\u00e1ticas, ofreciendo una experiencia intensa, sofisticada y con gran car\u00e1cter. Dise\u00f1ado para quienes buscan una fragancia poderosa y moderna, esta creaci\u00f3n transmite fuerza, elegancia y presencia.<\/p>\n<p data-start=\"670\" data-end=\"1033\">Desde la primera aplicaci\u00f3n, se percibe una apertura fresca con matices especiados que aportan energ\u00eda y un impacto atractivo. A medida que evoluciona, el aroma revela un coraz\u00f3n arom\u00e1tico con notas c\u00e1lidas y refinadas que aportan profundidad y personalidad. Finalmente, su base de \u00e1mbar, almizcle y maderas crea una estela duradera, envolvente y muy seductora.<\/p>\n<p data-start=\"1035\" data-end=\"1306\">Gracias a su excelente fijaci\u00f3n y proyecci\u00f3n moderada a alta, este perfume es ideal tanto para el uso diario como para ocasiones especiales. Su versatilidad lo convierte en una excelente opci\u00f3n para quienes buscan una fragancia masculina, elegante y con gran presencia.<\/p>\n<p data-start=\"1308\" data-end=\"1412\">Este perfume es ideal para quienes desean destacar con una fragancia sofisticada, moderna y memorable.<\/p>","protected":false},"excerpt":{"rendered":"<p>Perfume Armaf Club de Nuit The Lions Feroce es una fragancia masculina con notas amaderadas, especiadas y arom\u00e1ticas. Aroma intenso, elegante y moderno, ideal para d\u00eda y noche.<\/p>","protected":false},"featured_media":25106,"template":"","meta":{"_acf_changed":false,"rs_blank_template":"","rs_page_bg_color":"","slide_template_v7":""},"product_brand":[87],"product_cat":[231,88],"product_tag":[],"woo-feed-brand":[],"class_list":{"0":"post-8889","1":"product","2":"type-product","3":"status-publish","4":"has-post-thumbnail","6":"product_brand-armaf","7":"product_cat-masculino","8":"product_cat-perfumes","10":"first","11":"outofstock","12":"purchasable","13":"product-type-simple"},"acf":[],"_links":{"self":[{"href":"https:\/\/agatres.co\/pt\/wp-json\/wp\/v2\/product\/8889","targetHints":{"allow":["GET"]}}],"collection":[{"href":"https:\/\/agatres.co\/pt\/wp-json\/wp\/v2\/product"}],"about":[{"href":"https:\/\/agatres.co\/pt\/wp-json\/wp\/v2\/types\/product"}],"version-history":[{"count":1,"href":"https:\/\/agatres.co\/pt\/wp-json\/wp\/v2\/product\/8889\/revisions"}],"predecessor-version":[{"id":11980,"href":"https:\/\/agatres.co\/pt\/wp-json\/wp\/v2\/product\/8889\/revisions\/11980"}],"wp:featuredmedia":[{"embeddable":true,"href":"https:\/\/agatres.co\/pt\/wp-json\/wp\/v2\/media\/25106"}],"wp:attachment":[{"href":"https:\/\/agatres.co\/pt\/wp-json\/wp\/v2\/media?parent=8889"}],"wp:term":[{"taxonomy":"product_brand","embeddable":true,"href":"https:\/\/agatres.co\/pt\/wp-json\/wp\/v2\/product_brand?post=8889"},{"taxonomy":"product_cat","embeddable":true,"href":"https:\/\/agatres.co\/pt\/wp-json\/wp\/v2\/product_cat?post=8889"},{"taxonomy":"product_tag","embeddable":true,"href":"https:\/\/agatres.co\/pt\/wp-json\/wp\/v2\/product_tag?post=8889"},{"taxonomy":"woo-feed-brand","embeddable":true,"href":"https:\/\/agatres.co\/pt\/wp-json\/wp\/v2\/woo-feed-brand?post=8889"}],"curies":[{"name":"wp","href":"https:\/\/api.w.org\/{rel}","templated":true}]}}

<p data-start="341" data-end="668">El Perfume Armaf Club de Nuit The Lions Feroce destaca por su combinación de notas amaderadas, especiadas y aromáticas, ofreciendo una experiencia intensa, sofisticada y con gran carácter. Diseñado para quienes buscan una fragancia poderosa y moderna, esta creación transmite fuerza, elegancia y presencia.</p>
<p data-start="670" data-end="1033">Desde la primera aplicación, se percibe una apertura fresca con matices especiados que aportan energía y un impacto atractivo. A medida que evoluciona, el aroma revela un corazón aromático con notas cálidas y refinadas que aportan profundidad y personalidad. Finalmente, su base de ámbar, almizcle y maderas crea una estela duradera, envolvente y muy seductora.</p>
<p data-start="1035" data-end="1306">Gracias a su excelente fijación y proyección moderada a alta, este perfume es ideal tanto para el uso diario como para ocasiones especiales. Su versatilidad lo convierte en una excelente opción para quienes buscan una fragancia masculina, elegante y con gran presencia.</p>
<p data-start="1308" data-end="1412">Este perfume es ideal para quienes desean destacar con una fragancia sofisticada, moderna y memorable.</p>

<p>Perfume Armaf Club de Nuit The Lions Feroce es una fragancia masculina con notas amaderadas, especiadas y aromáticas. Aroma intenso, elegante y moderno, ideal para día y noche.</p>
